{"id":111,"date":"2022-01-17T20:36:35","date_gmt":"2022-01-17T20:36:35","guid":{"rendered":"https:\/\/munisanfelipe.gob.gt\/?page_id=111"},"modified":"2022-01-17T20:47:53","modified_gmt":"2022-01-17T20:47:53","slug":"funciones-del-concejo","status":"publish","type":"page","link":"https:\/\/munisanfelipe.gob.gt\/index.php\/funciones-del-concejo\/","title":{"rendered":"Funciones del concejo"},"content":{"rendered":"\n<h2 class=\"wp-block-heading\">Funciones<\/h2>\n\n\n\n<p>Corresponde con exclusividad al Concejo Municipal el ejercicio del gobierno del municipio, velar por la integridad de su patrimonio, garantizar sus intereses con base en los valores, cultura, y necesidades planteadas por los vecinos, conforme a la disponibilidad de recursos. (Art. 33 Gobierno del Municipio, C\u00f3digo Municipal).<\/p>\n\n\n\n<p><\/p>\n\n\n\n<h2 class=\"wp-block-heading\">Son Atribuciones del concejo Municipal:<\/h2>\n\n\n\n<p><strong>a)<\/strong> La iniciativa, deliberaci\u00f3n y decisi\u00f3n de los asuntos municipales;<br><strong>b)<\/strong> El ordenamiento territorial y control urban\u00edstico de la circunscripci\u00f3n municipal;<br><strong>c)<\/strong> La convocatoria a los distintos sectores de la sociedad del municipio para la formulaci\u00f3n e<br>institucionalizaci\u00f3n de las pol\u00edticas p\u00fablicas municipales y de los planes de desarrollo<br>urbano y rural del municipio, identificando y priorizando las necesidades comunitarias y<br>propuestas de soluci\u00f3n a los problemas locales.<br><strong>d)<\/strong> El control y fiscalizaci\u00f3n de los distintos actos del gobierno municipal y de su<br>administraci\u00f3n;<br><strong>e)<\/strong> El establecimiento, planificaci\u00f3n, reglamentaci\u00f3n, programaci\u00f3n, control y evaluaci\u00f3n de los<br>servicios p\u00fablicos municipales, as\u00ed como las decisiones sobre las modalidades<br>institucionales para su prestaci\u00f3n, teniendo siempre en cuenta la preeminencia de los<br>intereses p\u00fablicos;<br><strong>f)<\/strong> La aprobaci\u00f3n, control de ejecuci\u00f3n, evaluaci\u00f3n y liquidaci\u00f3n del presupuesto de ingresos y<br>egresos del municipio, en concordancia con las pol\u00edticas p\u00fablicas municipales;<br><strong>g)<\/strong> La aceptaci\u00f3n de la delegaci\u00f3n o transferencia de competencias;<\/p>\n\n\n\n<p><strong>h)<\/strong> El planteamiento de conflictos de competencia a otras entidades presentes en el municipio;<br><strong>i)<\/strong> La emisi\u00f3n y aprobaci\u00f3n de acuerdos, reglamentos y ordenanzas municipales;<br><strong>j)<\/strong> La creaci\u00f3n, supresi\u00f3n o modificaci\u00f3n de sus dependencias, empresas y unidades de<br>servicios administrativos, para lo cual impulsar\u00e1 el proceso de modernizaci\u00f3n tecnol\u00f3gica<br>de la municipalidad y de los servicios p\u00fablicos municipales o comunitarios, as\u00ed como la<br>administraci\u00f3n de cualquier registro municipal o p\u00fablico que le corresponda de conformidad<br>con la ley;<br><strong>k)<\/strong> Autorizar el proceso de desconcentraci\u00f3n del gobierno municipal, con el prop\u00f3sito de<br>mejorar los servicios y crear los \u00f3rganos institucionales necesarios, sin perjuicio de la<br>unidad de gobierno y gesti\u00f3n de la administraci\u00f3n municipal;<br><strong>l) <\/strong>La organizaci\u00f3n de cuerpos t\u00e9cnicos, asesores y consultivos que sean necesarios al<br>municipio, as\u00ed como el apoyo que estime necesario a los consejos asesores ind\u00edgenas de<br>la alcald\u00eda comunitaria o auxiliar, as\u00ed como de los \u00f3rganos de coordinaci\u00f3n de los Consejos<br>Comunitarios de Desarrollo y de los Consejos Municipales de Desarrollo;<br><strong>m)<\/strong> La preservaci\u00f3n y promoci\u00f3n del derecho de los vecinos y de las comunidades a su<br>identidad cultural, de acuerdo a sus valores, idiomas, tradiciones y costumbres;<br><strong>n)<\/strong> La fijaci\u00f3n de rentas de los bienes municipales, sean \u00e9stos de uso com\u00fan o no, la de tasas<br>por servicios administrativos y tasas por servicios p\u00fablicos locales, contribuciones por<br>mejoras o aportes compensatorios de los propietarios o poseedores de inmuebles<br>beneficiados por las obras municipales de desarrollo urbano y rural. En el caso de<br>aprovechamiento privativo de bienes municipales de uso com\u00fan, la modalidad podr\u00e1 ser a<br>t\u00edtulo de renta, servidumbre de paso o usufructo oneroso;<br><strong>o)<\/strong> Proponer la creaci\u00f3n, modificaci\u00f3n o supresi\u00f3n de arbitrio al Organismo Ejecutivo, quien<br>trasladar\u00e1 el expediente con la iniciativa de ley respectiva al Congreso de la Rep\u00fablica;<br><strong>p)<\/strong> La fijaci\u00f3n de sueldo y gastos de representaci\u00f3n del alcalde; las dietas por asistencia a<br>sesiones del Concejo Municipal; y, cuando corresponda, las remuneraciones a los alcaldes<br>comunitarios o alcaldes auxiliares;<br><strong>q)<\/strong> La concesi\u00f3n de licencias temporales y aceptaci\u00f3n de excusas a sus miembros para no<br>asistir a sesiones;<br><strong>r) <\/strong>La aprobaci\u00f3n de la emisi\u00f3n, de conformidad con la ley, de acciones, bonos y dem\u00e1s t\u00edtulos<br>y valores que se consideren necesarios para el mejor cumplimiento de los fines y deberes<br>del municipio;<br><strong>s) <\/strong>La aprobaci\u00f3n de los acuerdos o convenios de asociaci\u00f3n o cooperaci\u00f3n con otras<br>corporaciones municipales, entidades u organismos p\u00fablicos o privados, nacionales e<br>internacionales que propicien el fortalecimiento de la gesti\u00f3n y desarrollo municipal,<br>sujet\u00e1ndose a las leyes de la materia;<\/p>\n\n\n\n<p><strong>t)<\/strong> La promoci\u00f3n y mantenimiento de relaciones con instituciones p\u00fablicas nacionales,<br>regionales, departamentales y municipales;<br><strong>u)<\/strong> Adjudicar la contrataci\u00f3n de obras, bienes, suministros y servicios que requiera la<br>municipalidad, sus dependencias, empresas y dem\u00e1s unidades administrativas de<br>conformidad con la ley de la materia, exceptuando aquellas que corresponden adjudicar al<br>alcalde;<br><strong>v)<\/strong> La creaci\u00f3n del cuerpo de polic\u00eda municipal;<br><strong>w)<\/strong> En lo aplicable, las facultades para el cumplimiento de las obligaciones atribuidas al Estado<br>por el art\u00edculo 119 de la Constituci\u00f3n Pol\u00edtica de la Rep\u00fablica de Guatemala;<br><strong>x)<\/strong> La elaboraci\u00f3n y mantenimiento del catastro municipal en concordancia con los<br>compromisos adquiridos en los acuerdos de paz y la ley de la materia;<br><strong>y)<\/strong> La promoci\u00f3n y protecci\u00f3n de los recursos renovables y no renovables del municipio;<br><strong>z) <\/strong>Emitir el dictamen favorable para la autorizaci\u00f3n de establecimientos que por su naturaleza<br>est\u00e9n abiertos al p\u00fablico, sin el cual ninguna autoridad podr\u00e1 emitir la licencia respectiva;<br><strong>aa) <\/strong>Las dem\u00e1s competencias inherentes a la autonom\u00eda del municipio; y,<br><strong>bb) <\/strong>La discusi\u00f3n, aprobaci\u00f3n, control de ejecuci\u00f3n y evaluaci\u00f3n de las pol\u00edticas municipales de<br>desarrollo de la juventud.<\/p>\n\n\n\n<p><\/p>\n","protected":false},"excerpt":{"rendered":"<p>Funciones Corresponde con exclusividad al Concejo Municipal el ejercicio del gobierno del municipio, velar por la integridad de su patrimonio, garantizar sus intereses con base &hellip;<\/p>\n","protected":false},"author":1,"featured_media":0,"parent":0,"menu_order":0,"comment_status":"closed","ping_status":"closed","template":"","meta":{"footnotes":""},"class_list":["post-111","page","type-page","status-publish","hentry"],"_links":{"self":[{"href":"https:\/\/munisanfelipe.gob.gt\/index.php\/wp-json\/wp\/v2\/pages\/111","targetHints":{"allow":["GET"]}}],"collection":[{"href":"https:\/\/munisanfelipe.gob.gt\/index.php\/wp-json\/wp\/v2\/pages"}],"about":[{"href":"https:\/\/munisanfelipe.gob.gt\/index.php\/wp-json\/wp\/v2\/types\/page"}],"author":[{"embeddable":true,"href":"https:\/\/munisanfelipe.gob.gt\/index.php\/wp-json\/wp\/v2\/users\/1"}],"replies":[{"embeddable":true,"href":"https:\/\/munisanfelipe.gob.gt\/index.php\/wp-json\/wp\/v2\/comments?post=111"}],"version-history":[{"count":2,"href":"https:\/\/munisanfelipe.gob.gt\/index.php\/wp-json\/wp\/v2\/pages\/111\/revisions"}],"predecessor-version":[{"id":115,"href":"https:\/\/munisanfelipe.gob.gt\/index.php\/wp-json\/wp\/v2\/pages\/111\/revisions\/115"}],"wp:attachment":[{"href":"https:\/\/munisanfelipe.gob.gt\/index.php\/wp-json\/wp\/v2\/media?parent=111"}],"curies":[{"name":"wp","href":"https:\/\/api.w.org\/{rel}","templated":true}]}}